{"id":2,"date":"2024-11-22T14:12:12","date_gmt":"2024-11-22T14:12:12","guid":{"rendered":"https:\/\/sefovirtuve.lt\/?page_id=2"},"modified":"2024-11-23T07:46:20","modified_gmt":"2024-11-23T07:46:20","slug":"sample-page","status":"publish","type":"page","link":"https:\/\/sefovirtuve.lt\/?page_id=2","title":{"rendered":"\u0160efo virtuv\u0117 \u2013 tai erdv\u0117, kurioje skoni\u0173 magija tampa tikrove"},"content":{"rendered":"\n<p>\u0160efo virtuv\u0117 \u2013 tai erdv\u0117, kurioje skoni\u0173 magija tampa tikrove, o kulinariniai \u0161edevrai atskleid\u017eia k\u016brybi\u0161kumo ir profesionalumo harmonij\u0105. \u0160i tema suteikia galimyb\u0119 pa\u017einti ne tik auk\u0161\u010diausios klas\u0117s receptus, bet ir pasisemti id\u0117j\u0173, kaip namuose sukurti patiekalus, kurie prilygt\u0173 restorano kokybei.<\/p>\n\n\n\n<hr class=\"wp-block-separator has-alpha-channel-opacity\"\/>\n\n\n\n<div id=\"ez-toc-container\" class=\"ez-toc-v2_0_82_2 counter-hierarchy ez-toc-counter ez-toc-grey ez-toc-container-direction\">\n<div class=\"ez-toc-title-container\">\n<p class=\"ez-toc-title\" style=\"cursor:inherit\">Turinys:<\/p>\n<span class=\"ez-toc-title-toggle\"><a href=\"#\" class=\"ez-toc-pull-right ez-toc-btn ez-toc-btn-xs ez-toc-btn-default ez-toc-toggle\" aria-label=\"Toggle Table of Content\"><span class=\"ez-toc-js-icon-con\"><span class=\"\"><span class=\"eztoc-hide\" style=\"display:none;\">Toggle<\/span><span class=\"ez-toc-icon-toggle-span\"><svg style=\"fill: #999;color:#999\" xmlns=\"http:\/\/www.w3.org\/2000\/svg\" class=\"list-377408\" width=\"20px\" height=\"20px\" viewBox=\"0 0 24 24\" fill=\"none\"><path d=\"M6 6H4v2h2V6zm14 0H8v2h12V6zM4 11h2v2H4v-2zm16 0H8v2h12v-2zM4 16h2v2H4v-2zm16 0H8v2h12v-2z\" fill=\"currentColor\"><\/path><\/svg><svg style=\"fill: #999;color:#999\" class=\"arrow-unsorted-368013\" xmlns=\"http:\/\/www.w3.org\/2000\/svg\" width=\"10px\" height=\"10px\" viewBox=\"0 0 24 24\" version=\"1.2\" baseProfile=\"tiny\"><path d=\"M18.2 9.3l-6.2-6.3-6.2 6.3c-.2.2-.3.4-.3.7s.1.5.3.7c.2.2.4.3.7.3h11c.3 0 .5-.1.7-.3.2-.2.3-.5.3-.7s-.1-.5-.3-.7zM5.8 14.7l6.2 6.3 6.2-6.3c.2-.2.3-.5.3-.7s-.1-.5-.3-.7c-.2-.2-.4-.3-.7-.3h-11c-.3 0-.5.1-.7.3-.2.2-.3.5-.3.7s.1.5.3.7z\"\/><\/svg><\/span><\/span><\/span><\/a><\/span><\/div>\n<nav><ul class='ez-toc-list ez-toc-list-level-1 ' ><li class='ez-toc-page-1 ez-toc-heading-level-4'><a class=\"ez-toc-link ez-toc-heading-1\" href=\"https:\/\/sefovirtuve.lt\/?page_id=2\/#Ikvepimas_is_pasaulio_virtuves\" >\u012ekv\u0117pimas i\u0161 pasaulio virtuv\u0117s<\/a><\/li><li class='ez-toc-page-1 ez-toc-heading-level-4'><a class=\"ez-toc-link ez-toc-heading-2\" href=\"https:\/\/sefovirtuve.lt\/?page_id=2\/#Sefo_paslaptys_ir_patarimai\" >\u0160efo paslaptys ir patarimai<\/a><\/li><li class='ez-toc-page-1 ez-toc-heading-level-4'><a class=\"ez-toc-link ez-toc-heading-3\" href=\"https:\/\/sefovirtuve.lt\/?page_id=2\/#Virtuves_iranga_ir_irankiai\" >Virtuv\u0117s \u012franga ir \u012frankiai<\/a><\/li><li class='ez-toc-page-1 ez-toc-heading-level-4'><a class=\"ez-toc-link ez-toc-heading-4\" href=\"https:\/\/sefovirtuve.lt\/?page_id=2\/#Receptai_ir_istorijos\" >Receptai ir istorijos<\/a><\/li><\/ul><\/nav><\/div>\n<h4 class=\"wp-block-heading\"><span class=\"ez-toc-section\" id=\"Ikvepimas_is_pasaulio_virtuves\"><\/span>\u012ekv\u0117pimas i\u0161 pasaulio virtuv\u0117s<span class=\"ez-toc-section-end\"><\/span><\/h4>\n\n\n\n<p>\u0160efo virtuv\u0117 apima ne tik tradicinius, bet ir pasaulin\u0117s virtuv\u0117s elementus. Kiekvienas gali atrasti:<\/p>\n\n\n\n<ul class=\"wp-block-list\">\n<li><strong>Klasikinius receptus:<\/strong> Ikoni\u0161ki patiekalai i\u0161 Pranc\u016bzijos, Italijos ar Azijos, kurie su\u017eavi paprastumu ir rafinuotumu.<\/li>\n\n\n\n<li><strong>\u0160iuolaikines interpretacijas:<\/strong> Tradicini\u0173 patiekal\u0173 modernizacija, pritaikyta naujausioms kulinarijos tendencijoms.<\/li>\n\n\n\n<li><strong>Eksperimentin\u0119 virtuv\u0119:<\/strong> Netradiciniai ingredient\u0173 deriniai, kurie praple\u010dia skonio ribas.<\/li>\n<\/ul>\n\n\n\n<hr class=\"wp-block-separator has-alpha-channel-opacity\"\/>\n\n\n\n<h4 class=\"wp-block-heading\"><span class=\"ez-toc-section\" id=\"Sefo_paslaptys_ir_patarimai\"><\/span>\u0160efo paslaptys ir patarimai<span class=\"ez-toc-section-end\"><\/span><\/h4>\n\n\n\n<p>Profesional\u016bs \u0161efai dalijasi:<\/p>\n\n\n\n<ul class=\"wp-block-list\">\n<li><strong>Kepimo ir gaminimo technikomis:<\/strong> Patarimai, kaip tinkamai apdoroti m\u0117s\u0105, j\u016bros g\u0117rybes ar dar\u017eoves, kad patiekalas b\u016bt\u0173 nepriekai\u0161tingas.<\/li>\n\n\n\n<li><strong>Patiekalo pateikimas:<\/strong> Estetikos svarba \u2013 kaip paprastas patiekalas gali virsti meno k\u016briniu.<\/li>\n\n\n\n<li><strong>Sezoniniai ingredientai:<\/strong> Kaip pasinaudoti sezonini\u0173 produkt\u0173 kokybe, norint sukurti unikalius skoni\u0173 derinius.<\/li>\n<\/ul>\n\n\n\n<hr class=\"wp-block-separator has-alpha-channel-opacity\"\/>\n\n\n\n<h4 class=\"wp-block-heading\"><span class=\"ez-toc-section\" id=\"Virtuves_iranga_ir_irankiai\"><\/span>Virtuv\u0117s \u012franga ir \u012frankiai<span class=\"ez-toc-section-end\"><\/span><\/h4>\n\n\n\n<p>Tinkama \u012franga \u2013 tai profesionalaus \u0161efo s\u0117km\u0117s pagrindas. \u0160efo virtuv\u0117je svarb\u016bs:<\/p>\n\n\n\n<ul class=\"wp-block-list\">\n<li><strong>Kokybi\u0161ki peiliai:<\/strong> Precizi\u0161kam pjovimui ir ingredient\u0173 paruo\u0161imui.<\/li>\n\n\n\n<li><strong>Specializuoti prietaisai:<\/strong> Sous-vide, profesionalios keptuv\u0117s ar grilio \u012franga \u2013 kiekvieno \u0161efo pagalbininkai.<\/li>\n\n\n\n<li><strong>Virtuv\u0117s ergonomika:<\/strong> Efektyviai i\u0161d\u0117styta erdv\u0117 ir patog\u016bs sprendimai gaminimo procesui.<\/li>\n<\/ul>\n\n\n\n<hr class=\"wp-block-separator has-alpha-channel-opacity\"\/>\n\n\n\n<h4 class=\"wp-block-heading\"><span class=\"ez-toc-section\" id=\"Receptai_ir_istorijos\"><\/span>Receptai ir istorijos<span class=\"ez-toc-section-end\"><\/span><\/h4>\n\n\n\n<p>\u0160efo virtuv\u0117 taip pat skirta kulinarin\u0117ms istorijoms \u2013 nuo garsiausi\u0173 pasaulio \u0161ef\u0173 gyvenimo detali\u0173 iki recept\u0173, turin\u010di\u0173 ypating\u0105 prasm\u0119. Atraskite, kaip patiekalai tampa ne tik maistu, bet ir dalimi kult\u016bros, tradicij\u0173 ar \u0161eimos istorij\u0173.<\/p>\n\n\n\n<hr class=\"wp-block-separator has-alpha-channel-opacity\"\/>\n\n\n\n<p>\u0160efo virtuv\u0117 yra \u012fkv\u0117pimo ir \u017eini\u0173 vieta, kur maistas tampa neatsiejama meno ir gyvenimo dalimi. Skanaus atradim\u0173!<\/p>\n\n\n\n<p><\/p>\n","protected":false},"excerpt":{"rendered":"<p>\u0160efo virtuv\u0117 \u2013 tai erdv\u0117, kurioje skoni\u0173 magija tampa tikrove, o kulinariniai \u0161edevrai atskleid\u017eia k\u016brybi\u0161kumo ir profesionalumo harmonij\u0105. \u0160i tema suteikia galimyb\u0119 pa\u017einti ne tik auk\u0161\u010diausios klas\u0117s receptus, bet ir pasisemti id\u0117j\u0173, kaip namuose sukurti patiekalus, kurie prilygt\u0173 restorano kokybei. \u012ekv\u0117pimas i\u0161 pasaulio virtuv\u0117s \u0160efo virtuv\u0117 apima ne tik tradicinius, bet ir pasaulin\u0117s virtuv\u0117s elementus. [&hellip;]<\/p>\n","protected":false},"author":1,"featured_media":0,"parent":0,"menu_order":0,"comment_status":"closed","ping_status":"open","template":"","meta":{"om_disable_all_campaigns":false,"_monsterinsights_skip_tracking":false,"_monsterinsights_sitenote_active":false,"_monsterinsights_sitenote_note":"","_monsterinsights_sitenote_category":0,"footnotes":""},"class_list":["post-2","page","type-page","status-publish","hentry"],"aioseo_notices":[],"_links":{"self":[{"href":"https:\/\/sefovirtuve.lt\/index.php?rest_route=\/wp\/v2\/pages\/2","targetHints":{"allow":["GET"]}}],"collection":[{"href":"https:\/\/sefovirtuve.lt\/index.php?rest_route=\/wp\/v2\/pages"}],"about":[{"href":"https:\/\/sefovirtuve.lt\/index.php?rest_route=\/wp\/v2\/types\/page"}],"author":[{"embeddable":true,"href":"https:\/\/sefovirtuve.lt\/index.php?rest_route=\/wp\/v2\/users\/1"}],"replies":[{"embeddable":true,"href":"https:\/\/sefovirtuve.lt\/index.php?rest_route=%2Fwp%2Fv2%2Fcomments&post=2"}],"version-history":[{"count":1,"href":"https:\/\/sefovirtuve.lt\/index.php?rest_route=\/wp\/v2\/pages\/2\/revisions"}],"predecessor-version":[{"id":10,"href":"https:\/\/sefovirtuve.lt\/index.php?rest_route=\/wp\/v2\/pages\/2\/revisions\/10"}],"wp:attachment":[{"href":"https:\/\/sefovirtuve.lt\/index.php?rest_route=%2Fwp%2Fv2%2Fmedia&parent=2"}],"curies":[{"name":"wp","href":"https:\/\/api.w.org\/{rel}","templated":true}]}}